4 + (9 - 1).
63
What is (7 - 70 - -84) + (1 - 27)?
-5
Evaluate -118 - (17 + -44) - (-2 + (-3 - 1) + 0).
-85
What is the value of 1 - (11 - 2) - (6 + 12 - -2)?
-28
What is the value of -1 - 1 - (-50 + 61) - (7 - (3 - 9))?
-26
What is the value of (-2 - -1) + 1 + -16 + 22 + -77 + 29?
-42
Calculate 9 - 29 - ((32 - -12) + 7).
-71
What is 13569 + -13695 - (2 + 1)?
-129
Evaluate 283 - (114 + 165) - (-33 + 0).
37
What is (-1 - 11 - (-4 - (5 + -2))) + 21 + -23?
-7
What is the value of -13 + 92 - (18 + (-13 - (-25 + 14)))?
63
What is the value of 1 - -1 - 53 - (12 - (-6 - -19)) - 13?
-63
4 - ((1 + -28 - -11) + 35 + -34)
19
What is 44 - (-70 + 46) - (7 - -2)?
59
50 + (-168 - -128) + 94
104
Evaluate (15 - 60) + 22 - (1 + -15).
-9
What is the value of -736 + 746 - (1 + (-2 - -69) - (-5 - -6))?
-57
(-28 - (22 - 39) - -12) + (0 - -2) + 48
51
Calculate -24 + 34 + 6 + (-19 - -15) - -23.
35
What is the value of -5 + -62 + 2 - (23 + (10 - 30))?
-68
Evaluate -42 + (4 - 0 - (30 + -21 - (-8 - -9))).
-46
Calculate 37 + (-5 - (-12 - ((8 - 20) + -8 + 11))).
35
Calculate 21 - (-11 + 23) - (-34 - (-3 + 3)).
43
What is 7 + (-9 - (18 - 12)) + 2 + 4?
-2
Calculate (-3 - (4 + 20)) + 18 - (-6 - 1) - -24.
22
Calculate (-8 - (58 + -36)) + 117 - 36.
51
Evaluate (-189 - -102 - -52) + -1 + -3.
-39
What is the value of (15 + -23 - -16) + 2 + -3 - -24?
31
What is 22 - -48 - (-3 + -5 - (6 - 10 - 4))?
70
Evaluate 24 + (22 - 37) + 28 + -15.
22
26 - (-42 + 52 - -32)
-16
23 - 1 - (110 + 61 - 68)
-81
What is (-38 - (4 - 1)) + (1216 - 1239)?
-64
What is 0 + -19 + 28 + 27 + -24?
12
What is ((10 - 16) + 18 + -4 - (4 + -44)) + 12?
60
What is the value of 10 + 22 - -1 - (-39 - -30)?
42
What is the value of (13 - 3) + (-18 - 6 - -16) + 19?
21
(-2 - 2) + 4 + -7 + (963 - 956)
0
Calculate 67 - (40 + -23 - (28 + -12)).
66
What is 0 + 8 - ((135 - 54 - 74) + (1 - 15))?
15
-20 + 8 + (8 - 9 - -7) + -20
-26
Calculate -11 + 2 + -76 - (-94 + 87).
-78
What is the value of 28 + (11 - 46) + (-31 - -1)?
-37
What is -23 + -24 + 24 + 58?
35
What is -5 + -10 + 39 - 11 - (36 - 34)?
11
What is 80 - (24 + -14 + 6 + 24)?
40
-1 + -3 + -53 + 91 + (93 - 164)
-37
Evaluate -8 + -47 + 37 - -8.
-10
8 + -9 + (1 - -9) + -42 + 53 + -24
-4
Calculate -81 + (84 + -23 - -121).
101
(-60 - -49) + (-1 + -3 - 9)
-24
Calculate 6 - (88 - 49) - -83 - 33.
17
What is (-165 - -279) + (-9 - 9)?
96
Calculate (-60 - -59 - 30) + (-13 + -2 - -2).
-44
Calculate -1 + -15 - (2 - (42 + (-6 - 35))).
-17
What is -366 + 520 + -1 + -7 + -13?
133
Evaluate (-32 + 1 - 4) + (98 - 83) + -17.
-37
What is the value of -11 - (-4 + -1 + (15 - 20 - 1) - 71)?
71
(-48 - (15 + -11)) + -17 + 0
-69
Evaluate -66 + 1727 + -1737 + (2 - 4).
-78
Evaluate (16 - -2) + -2 + (-117 - -130).
29
-493 + 587 - (-7 + -12)
113
Calculate -2 + (0 - 0 - -4 - 12) - (120 + -187).
57
What is the value of (-11 - -4) + (8 - 10 - 74 - -3 - -5)?
-75
Calculate (59 - 40) + 4 + -14 + (-80 - 2 - 0).
-73
-63 - ((48 - 56) + 2)
-57
Evaluate 68 + (-8 - (-32 - (1 + -5 + -8)) - 0).
80
What is the value of (-9 - (-30 - 35)) + -9?
47
What is the value of -9 + 32 + -40 + (98 - -2)?
83
What is the value of 48 - (-6 - (-25 + 14 + 3 - (2 + -8)))?
52
Evaluate 68 + 25 + 36 + -40 + -6 + 1.
84
8 - (-134 + 141 + (0 - (4 + (-4 - -21))))
22
Calculate (60 - 24 - 13) + -21.
2
-51 - (-7 + (2 - 2)) - (19 + -5 + -7)
-51
Evaluate (72 - (-5 + 36 + 37)) + 138 + -1.
141
Evaluate -92 + (112 - 17) + (17 - 0).
20
3819 - 3852 - (60 - -3)
-96
Evaluate -83 + (-53 - (-27 - 87)).
-22
-61 + 76 - 65 - (4 + 1)
-55
Evaluate (-82 - -32) + 10 + 114.
74
What is -2817 + 2883 + (-132 - 1)?
-67
What is the value of (0 - 1 - 14) + (-67 - (47 - 99))?
-30
Evaluate -1 - 31 - (-20 + (77 - 45) - (13 - -2)).
-29
What is (207 - (-62 + 137)) + -50?
82
What is 64 + -98 + 36 + 3 + 59?
64
What is 164 + -97 - 36 - 49?
-18
What is -42 - -1 - (-3 - (4 + -3 - (-7 - -7)))?
-37
-1169 + 1231 + 0 + -56
6
-4 - -12 - (46 + -110 - 33)
105
Evaluate ((195 - 183) + 1 + -19 - (-28 - 3)) + -13.
12
What is the value of (2 - 5 - -4) + (3 - -9) + 81?
94
What is the value of 11 + 0 - ((9 + 13 - 49) + 2)?
36
What is the value of -11 + (-36 - 2) + 84?
35
What is the value of (8 + (12 - 35) - (-4 - 0)) + -45?
-56
(-42 - -52 - ((3 - -3) + 1)) + (-73 - 2)
-72
-5 - (-18 + 40 + 12)
-39
42 + (0 - (-3 + 2 - -6)) - (-97 + 102)
32
What is -55 + 2 + -2 + (-1 - 5) + -68 + 64?
-65
Evaluate -93 + (-24 - (29 - 22)) - -31.
-93
Calculate (37 + -17 + -4 - 28 - -2) + (62 - 0).
52
What is (-32 - 73) + 96 - (1 + -1 + 28)?
-37
Calculate -2 + ((-61 - -47) + 29 + 0 - (134 - -10)).
-131
What is (-24 - -46) + -1 + 0 + (-3 - 3)?
15
What is the value of 79 + -107 + 13 + 0?
-15
What is 123 + -48 + 38 + 6 + -1 + -2?
116
What is the value of 0 + -55 + -86 + 102 + (0 - 2)?
-41
-73 - -87 - ((-4 - (2 - 11)) + 1 + -123)
131
Calculate (2192 - 2183) + (-1 - 2).
6
Calculate (19 - (10 - (-9 + 12 - -1))) + 23 + 1.
37
What is -20 + -1 + 3 - (-4 + 10 + 8)?
-32
What is the value of (58 - (1 + 11)) + (-4 - 2 - -6)?
46
30 + 14 - (2 + 14)
28
What is 12 + 18 - 30 - ((48 - 45) + (2 - -1))?
-6
What is the value of -72 + 53 - (-4 - -11) - 61?
-87
32 + -54 - 1 - -22
-1
What is the value of -18 + 7 + 20 + 21 + -7?
23
(115 - 58 - 36) + -118
-97
What is (-143 - -116 - 18) + -6?
-51
What is 25 + 8 + -4 + 47 + -37 + -3 + 0?
36
1201 + -1187 + -16 + -1 + 49 + 3
49
Evaluate -27 + (-5 - (-11 - 27)) + -73.
-67
What is (-11 - -4) + -13 + 20 - (22 + -19) - 23?
-26
Calculate -1 - -100 - (-798 + 813).
84
Evaluate (-163 - (49 + -133)) + 99.
20
Evaluate -12 + ((-9 + 2 + 11 - -93) + 4 - -3).
92
Calculate (-1 - 45 - 0) + 26 + -11.
-31
Calculate 20 - (19 - ((43 - 7) + -3)).
34
What is the value of 72 + (-31 - (6 - (-15 + 18)))?
38
What is the value of -7 - (-6 + (30 - (2 - -13))) - 13?
-29
What is (-2 - 92) + (-10 - (13 - (3 + 12 + 18)))?
-84
Calculate 1 - 48 - (2784 + -2820).
-11
What is -24 + 27 + 6 - (74 + 0) - -9?
-56
What is 11 - 6 - (-4 + 12 + -10 - -13) - 6?
-12
Evaluate 0 + -13 + (22 - -28 - 6).
31
-6 - (-13 + -54 + -45)
106
12 - (6 + 0 - 3) - (801 + -786)
-6
What is -15 + 15 - (569 + -550)?
-19
Calculate -83 + (27 - (-61 - -69)).
-64
What is -65 + 2 + (-3 - 2 - -7) + -21 + 31?
-51
Calculate -3109 - -3056 - (-83 - 0).
30
Evaluate -9 - 4 - (4 + 8 + -15 + 0 + -3).
-7
Evaluate (9 - (7 + -8)) + (24 - 39) + 25.
20
Evaluate -71 - (34 + (-61 - 20)).
-24
Calculate (1 + 1 - (70 + 5 + 3)) + (60 - 49).
-65
Evaluate -18 + (42 - (8 - 3)).
19
(-105 - -6 - -29) + 26
-44
Calculate -23 + 0 + 83 - 17.
43
(18 - (-29 + 58) - -20) + -2
7
Calculate -36 + 1 - (-265 + 157 + 137).
-64
What is 39 + (-65 - -39) + (53 - (-10 - -4))?
72
What is the value of (-12 - 10) + 7 + 86 + 4 + -20?
55
What is the value of (7 - 6) + 16 + -23 - (31 + -6)?
-31
Evaluate 11 + 124 + (108 - 194).
49
Evaluate -2606 + 2539 - (-6 + -3 + 1).
-59
Evaluate 60794 + -60779 - (-1 + 0 - (14 + 4)).
34
10 + (3 - (-54 - (18 + -6)))
79
-24 + 9 + -194 + 225
16
125 - 80 - (39 + -23)
29
Calculate 3 - (4 - -15) - (-20 + 73).
-69
Calculate 179 + -221 - -123 - (-1 - (-1 + -14)).
67
7 - (-1 + 1) - ((94 - 98) + 17)
-6
Calculate (-2 - 34) + 2 + -14 + 17 + 8 + 10.
-13
Calculate -49 - 1 - ((8 - 20 - (-38 - -43)) + 15).
-48
What is the value of -95 + 85 + -57 + 102?
35
What is 27 - (-8 - (-9 - -10 - 17)) - (4 - 15)?
30
Evaluate (756 - 796) + (0 - -13 - 4).
-31
What is the value of -5 + 0 + 14 + 10 + 45?
64
What is (-10 - 6) + -29 + 27?
-18
Calculate -3 - 9 - (760 + -809).
37
0 - 29 - (76 + -76 + (-4 - 0) + 0)
-25
Calculate (-33 - 2 - (-872 - -891)) + 1 + -14.
-67
What is (4 - (129 - 1)) + (8 - 34 - -49 - 29)?
-130
(6 - (-26 + 6 + (14 - -3))) + -72
-63
Evaluate 10 - (-40 + -36) - (-3 + (-4 - (-10 + 4))).
87
Evaluate 139 + (-21 + 2 - 0) + 3 + -26.
97
What is -92 + (18 - -5) + 54?
-15
What is the value of (-19 + 22 - -12) + (13 - -14)?
42
What is the value of (1 - (-4 - -7) - (3 + -8)) + -1 + -53?
-51
Evaluate -29 - 81 - -7 - -83.
-20
What is -12 + (-4 - 19) - (-9 + 1 - (0 + 2))?
-25
Evaluate (1 - 13 - (-139 - -134)) + -5.
-12
51 + (4 - (15 - 1 - (-60 - -73)))
54
What is (8 + -1 - (-166 - -168)) + 19?
24
-68 - -5 - (-228 - -155)
10
(14 + -16 - 7) + -2 + (8 - (3 - -3))
-9
Calculate 13 - ((0 - 1 - -27) + (289 - 257)).
-45
What is -5 + 42 + 2 - 3?
36
What is -6 + -1 - -51 - (-23 + 1 + 11 + 7)?
48
((-25 - -